 and 39.
39
Let s be -2*(-32)/(2 - -2). Suppose -5*h - 26 = -o, 2*h + 4 = -4. Suppose o*y - 216 = -72. Calculate the greatest common divisor of y and s.
8
Let l be -4*5*5/(-20). Let h = 661 + -656. Calculate the highest common factor of l and h.
5
Suppose 2*y + 3 + 5 = s, -s = -5*y - 2. Calculate the greatest common divisor of 948 and s.
12
Let b = -500 - -895. Let z = -346 + b. What is the highest common factor of z and 343?
49
Let a be (-4)/42 + -1 + (-102080)/(-210). Calculate the highest common divisor of 3977 and a.
97
Suppose 969 = 26*l + 761. What is the greatest common factor of 62 and l?
2
Let j(o) = 97*o + 7518. Let k be j(-72). Calculate the highest common divisor of k and 66.
6
Let o = 65 + -101. Let h = o - -50. Let z(f) = 4*f**2 + 8*f + 30. Let p be z(-6). Calculate the highest common factor of h and p.
14
Let h(w) = 284*w + 48. Let s be h(0). What is the greatest common factor of s and 3720?
24
Suppose -k - 5*t = 1 - 11, 0 = -2*k + t + 64. Let h = 12 - -93. Calculate the greatest common divisor of h and k.
15
Suppose -3*f + 8287 = 4*s, -4*s - 20*f + 15*f + 8273 = 0. What is the greatest common factor of s and 67?
67
Let b be (-9)/((-2)/(-56)*6). Let x = -7 - b. Let y be 3/((-27)/(-6)) - (-943)/3. Calculate the greatest common divisor of y and x.
35
Let a(v) = 87*v + 1. Let h be a(1). Suppose 52 = -2*m + 4*m + 4*u, u + 167 = 4*m. Calculate the highest common factor of h and m.
8
Let u be ((-7)/(-2))/(4/24). Suppose 0 = w + 5*n - u, 3*w - 4*n - 1 = 5. Let z = 99 - 87. Calculate the greatest common divisor of w and z.
6
Let p(s) = 2*s**2 + 198*s - 590. Let l be p(-102). Calculate the greatest common divisor of l and 86.
2
Suppose -3*v = 84*s - 81*s - 3612, -s + 1253 = 8*v. Calculate the highest common divisor of 437 and s.
19
Let z be -2 + (81/6 - (-3)/6). Let d = 20 + z. Suppose 2*y = -2 + 162. Calculate the highest common divisor of d and y.
16
Suppose 0 = 2*f - 5*t - 95, -10*f + 11*f - 3*t = 48. What is the highest common divisor of 7830 and f?
45
Let n(j) = -10*j + 22*j - 9*j + 5 - 4*j. Let r be n(2). Let t be (3/(-9))/(1/(-9)). What is the highest common factor of r and t?
3
Let x(w) = w**2 - 19. Let k be x(-10). Suppose 3*s = -5*v + k, -2*s = 2*v + 29 - 87. Calculate the greatest common factor of 512 and s.
32
Let n(h) = 3*h**2 + 36*h + 171. Let o be n(-6). Calculate the greatest common factor of 1053 and o.
9
Suppose 6293 = 7*q + 23*q - q. What is the greatest common divisor of q and 558?
31
Let s(k) = -k - 3. Let p be (-25)/2*(-24)/(-20). Let w be s(p). Calculate the highest common divisor of w and 36.
12
Let g be (216/(-10))/((-3)/10). Suppose 584*a - 589*a - 4*w + 8 = 0, 5*a = 3*w + 64. Calculate the greatest common divisor of g and a.
8
Suppose 3*n + 4*r = 11034, 0 = n - 3*r + r - 3698. Calculate the highest common divisor of 266 and n.
38
Let p be (44/77)/(2/21). Suppose -b = p*b. Suppose -3*v + 26 + 39 = -5*f, b = v - 5*f - 35. Calculate the highest common factor of v and 3.
3
Suppose -6*b + 14520 = -2*b + 4*o, -4*o = 5*b - 18145. Calculate the greatest common factor of b and 435.
145
Let i = 22 - 225. Let r = -146 - i. What is the greatest common factor of r and 3?
3
Suppose 60*n - 730 = 2810. What is the greatest common divisor of 767 and n?
59
Suppose 0 = g - 49 - 231. Suppose 454*s = 462*s - 256. Suppose s*j - 2238 = -446. What is the greatest common factor of j and g?
56
Suppose 212 = 5*x + 4*k, 5*x + k - 43 = 4*x. Suppose -2*d + 8 = -26. Let q(m) = 6*m - 42. Let h be q(d). Calculate the highest common divisor of x and h.
20
Suppose 103*p - 832939 - 89822 = 6*p. Calculate the greatest common factor of 151 and p.
151
Let n = 289 - 287. Suppose 5*t = 2*c + 2*c - 131, 0 = n*c + 4*t - 72. Calculate the highest common factor of 238 and c.
34
Suppose -2*y = 4*r - 1238, 4*r + y - 2*y = 1253. Suppose 16*q + 86 = 149 + 129. What is the highest common divisor of r and q?
12
Let r = -31862 - -32159. What is the highest common factor of r and 561?
33
Let q(i) = i + 28. Let w be (10/(-25))/((-1)/10). Let o(z) = -6*z + 7. Let t be o(w). Let p be q(t). Calculate the highest common divisor of p and 11.
11
Suppose -1422 = -34*o + 1162. What is the greatest common divisor of 148 and o?
4
Suppose -5*u = 4*c - 2*u - 108, -5*u = -2*c + 54. Suppose 95*j - 92*j - 4*b = 1855, 2*j = -5*b + 1252. Calculate the greatest common divisor of c and j.
27
Suppose -5*q - 5 + 20 = 0. Suppose 3*g + q*v - 8 = g, -g = 2*v - 4. Suppose -100 = -g*i + 108. What is the highest common divisor of 78 and i?
26
Let x = -22 - -24. Let v be 18*((-1)/6)/(x/(-16)). What is the highest common divisor of v and 456?
24
Let c(x) = -2*x**3 + 24*x**2 - 42*x + 4. Let l be c(7). Calculate the highest common factor of l and 7.
1
Let s be ((-114)/(-15))/(2/(-10)). Let x = s + 29. Let o be (6/15)/(x/(-360)). What is the highest common factor of 16 and o?
16
Let k(u) = -27*u**3 - 7*u**2 - 6*u + 2. Let z be k(-1). Calculate the highest common divisor of 5768 and z.
28
Let v(b) be the first derivative of b**3/3 + b**2 - 11*b + 10. Let m be v(-7). Calculate the highest common factor of 168 and m.
24
Let n be 4 - -12*4/(8/14). Let r = n + -83. Let h(l) = 3*l**2 - 15*l - 2. Let y be h(8). What is the greatest common factor of r and y?
5
Let b(z) = -124*z + 88. Let q(i) = -41*i + 29. Let n(v) = -3*b(v) + 10*q(v). Let t be n(0). Calculate the highest common divisor of t and 338.
26
Let a be (3 + (-65)/5)*(9 - 29). Let q = 202 - a. What is the highest common factor of 122 and q?
2
Let l(v) = -2*v**3 + 64*v**2 + 679*v + 54. Let y be l(-10). What is the highest common divisor of y and 169?
13
Let s = -295 - -297. Suppose -s*d + 89 = 3*t, t + 54 = 3*t + 4*d. Calculate the greatest common divisor of 93 and t.
31
Let y(s) be the first derivative of -s**4/4 - 19*s**3/3 + 10*s**2 + 18*s + 16. Let v be y(-20). What is the highest common factor of 96 and v?
6
Let i = -22274 - -22726. What is the highest common factor of 3955 and i?
113
Let l(i) = -7*i + 12. Let s be l(6). Let a be 20/s + 2/3. Suppose 0 = 2*z - 5*c - 35, -5*c + a*c = -5*z + 80. Calculate the highest common divisor of 105 and z.
15
Let r be (-71)/(-5) - (5 + (-120)/25). Suppose 0 = d + 5*j - r, 0 = -2*d + 4*j - 0*j + 84. What is the highest common factor of 187 and d?
17
Suppose 6*u = 10*u - 36. Let v = -7 + -18. Let f = 34 + v. What is the greatest common factor of u and f?
9
Suppose -17 + 15 = -j + 2*q, 3 = j - 3*q. Suppose 2*b = -3*k + 26, 2*k = -j*k - 3*b + 19. What is the greatest common divisor of 68 and k?
4
Let a be ((-35)/(-21))/(-1 - 4/(-3)). Let m be 11/((-330)/(-12)) + 178/a. Suppose -3*f + 10 = -17. Calculate the greatest common factor of f and m.
9
Let c = -6668 + 6749. What is the highest common divisor of 2727 and c?
27
Let l be (-3 + 9)/((-1)/(4/(-6))). Let h be (-8 + -4)*(-2)/6*l. Suppose 0 = 13*x - h*x + 66. Calculate the greatest common divisor of x and 22.
22
Let g(h) = h**2 - 5*h. Let u be g(7). Suppose -140 = -10*v - v + 7*v. Calculate the greatest common divisor of v and u.
7
Suppose 0 = -175*m + 165*m + 1650. What is the greatest common factor of 2409 and m?
33
Let y be 1842/51 - -9*16/(-1224). Let d be -6*(3 - -13)/(-2). Let o = -30 + d. Calculate the greatest common divisor of o and y.
18
Let o(k) = 25*k + 58. Let j be o(-6). Let l be 3 + j/28 - (-114)/7. Let v be (l/10)/(10/25). What is the greatest common factor of v and 8?
4
Suppose -6*l + 70 = -2. Let s be 3/(-6) + 481/2. Calculate the highest common divisor of l and s.
12
Let p be 1*89 - (5 + -6). Let k(w) = 2*w**3 + 9*w**2 + 11*w + 11. Let z be k(-5). Let d = z + 105. Calculate the greatest common divisor of d and p.
18
Let r be (-440 - -1) + 10 + -4. Let t = r - -463. Calculate the highest common factor of t and 12.
6
Let o be (-1)/(1/2 - 1). Suppose -150 = -218*n + 109 - 41. Calculate the highest common factor of o and n.
1
Suppose -20 = -r - 3*k, 3*r + 0*k = -k + 84. Let y = 96 - r. Suppose -y - 52 = -7*p. What is the greatest common divisor of 136 and p?
17
Suppose -79 = -5*q - 24. Let d(r) = -23*r**2 + r + 2. Let p be d(-1). Let u = p + 44. Calculate the greatest common divisor of u and q.
11
Let v(q) = q**3 + 5*q**2 - 12. Let d be v(-4). Suppose 3*x = -d*n + 23 + 21, 33 = 3*n - 5*x. What is the highest common divisor of 22 and n?
11
